. Let f be 111 - (-1 - q) - -2. What is the highest common divisor of f and 46?
23
Let l(a) = -6*a - 4. Let c be l(-8). Calculate the highest common factor of 11 and c.
11
Suppose 7*t = 4*t + 231. Let r = 3 - 1. Suppose 5*u - r*u = 21. What is the greatest common divisor of t and u?
7
Suppose -4*p = 0, -3*w + p - 6 = -0*w. Let j = 9 + w. Suppose -28 - 196 = -4*v. Calculate the highest common factor of j and v.
7
Let s be 39 + -6*3/6. What is the greatest common factor of 24 and s?
12
Let g = 61 + 13. Let o = g + -50. Suppose 3*h - o = 360. Calculate the highest common divisor of 16 and h.
16
Let v = -34 - -45. Calculate the greatest common divisor of 11 and v.
11
Suppose 3*t - 17 - 22 = 0. What is the highest common divisor of t and 65?
13
Suppose g - 11 = 2*n, 3*g + 2*n = 22 - 5. What is the highest common factor of 28 and g?
7
Let s(n) = -n**2 + 6*n - 3. Let j = 9 + -4. Let a be s(j). Suppose -16 = -3*v + a. What is the highest common divisor of v and 9?
3
Suppose -4*x - l = -49, -3*l = 5*x - 46 - 24. Let b(f) = -f + 6. Let d be b(4). Let o = d + 9. Calculate the greatest common factor of x and o.
11
Let g(w) = 10*w - 1 + 5*w - 12*w. Let n be g(3). What is the greatest common factor of 32 and n?
8
Suppose 5*z + 3*u - 317 = 2*u, 5*u = 3*z - 179. What is the highest common factor of 21 and z?
21
Let l be (5 + -8)*(-2 + -11) - -4. Calculate the greatest common divisor of 129 and l.
43
Let r be (122 - -3)/1 - (1 - -4). Let d(l) = 25*l**2 - 1. Let m be d(1). What is the highest common factor of r and m?
24
Suppose 5 = -2*n + 3*n. Let z(q) = -q**2 + 10*q - 6. Let y = 14 + -6. Let m be z(y). What is the highest common factor of n and m?
5
Suppose -5*q = -4*l - 10*q + 22, -4*q = 5*l - 23. Suppose l*t = 2*u, 4*t + 1 = -u + 6*t. What is the greatest common factor of u and 3?
3
Suppose -4*g = -5*h - 22, g + h = -3*g + 34. Suppose 2*l - d - g = 0, 0 + 1 = l - 2*d. Calculate the highest common divisor of 20 and l.
5
Let b(g) = 6*g + 5. Let n be b(-6). Let s = 113 - n. Let x be (-6)/((-4 - -1)/(-6 + 14)). Calculate the greatest common divisor of s and x.
16
Suppose -28 = -2*a - 5*s, -5*s = -0*a + 4*a - 46. What is the greatest common divisor of a and 3?
3
Let d be (-1)/((-93)/30 + 3). What is the highest common divisor of d and 2?
2
Let n be -1*2/6*-3. Let w be ((-1)/n - -9)*1. What is the greatest common divisor of 64 and w?
8
Suppose 5*y - 42 = 3. Let k be 12/20*-11*-15. Calculate the greatest common factor of k and y.
9
Suppose -4*d - x + 2 = x, 4*d - 4*x = 32. Suppose 7*t - d*t - l - 216 = 0, 5*t - 271 = l. Calculate the greatest common divisor of 22 and t.
11
Suppose 30*o = 6*o + 120. Suppose -3*r + 4*l - 2 + 5 = 0, -5*l + 4 = 4*r. Calculate the highest common factor of r and o.
1
Suppose -5*t - 26 = -b, -5*b = t + 22 - 256. Calculate the highest common divisor of b and 276.
46
Let t be ((-1)/(-1) + -4)*3. Let l be 12/t*(-18)/4. Calculate the highest common divisor of l and 6.
6
Let z = -38 - -154. Let x be (-220)/(-6) + (-4)/6. Let b be z/x + (-2)/9. Calculate the greatest common factor of b and 12.
3
Suppose 0 = -2*x - 16 + 22. What is the greatest common divisor of x and 6?
3
Let l be (6/(-2) + -53)/(-2). What is the highest common factor of 196 and l?
28
Let p(q) = -2*q - 11. Let s be p(-11). What is the highest common factor of s and 99?
11
Suppose -3*b + 6*x = 3*x - 21, -5 = -x. What is the greatest common divisor of 12 and b?
12
Suppose -67 = -3*f + 2*s, s = -5*f - 4*s + 120. Calculate the highest common factor of 253 and f.
23
Suppose -3*j - j + 8 = 0. Suppose -j*d - 1 = -3. Let f(c) = 56*c - 1. Let k be f(d). Calculate the highest common factor of 5 and k.
5
Let i = -54 + 72. Calculate the highest common factor of i and 9.
9
Suppose 132*t - 126*t - 570 = 0. Calculate the highest common divisor of 38 and t.
19
Let i = -25 + 37. Calculate the greatest common divisor of 12 and i.
12
Suppose -3*j + 24 + 9 = 0. Let c = 37 - 15. What is the greatest common factor of c and j?
11
Suppose -4*b = -2*b. Suppose b*c + 3 = c. Let y be 135/c*(-2)/(-5). Calculate the greatest common divisor of 45 and y.
9
Let w = 64 - 55. What is the highest common factor of w and 3?
3
Suppose -6*b - 4*s = -b + 7, 0 = 4*b + 4*s + 4. Let h be 6*2*(-1)/b. Suppose 4*w - 172 = -h. Calculate the highest common divisor of w and 14.
14
Suppose -3*k + 8 = s, -3*k + s + 6 = -10. Let c = -15 - -35. What is the highest common divisor of c and k?
4
Suppose -s - 2 = -4*h, -h - 1 = -2. Suppose 5*m - 18 = 4*m. Calculate the highest common divisor of s and m.
2
Suppose -4*f - 13 = -3*f. Let w = 27 + f. Calculate the greatest common factor of w and 7.
7
Let v(o) = o**2 - 2*o - 8. Let a be v(6). Let g = -343 - -487. Calculate the greatest common factor of a and g.
16
Suppose 2*q = -3*q. Let d be -1 + q + (-161)/(-1). Calculate the highest common divisor of 16 and d.
16
Suppose 1 - 5 = -s. Let x be 3 - (s - 4)/2. Let w(l) = l**2 - 2*l - 3. Let d be w(-3). What is the highest common factor of d and x?
3
Let u(z) = -z**3 + 8*z**2 - 6*z - 3. Let c be u(7). Suppose 0 = -c*h + 5*r + 492, h + 4*r = -2*h + 400. Calculate the highest common factor of 16 and h.
16
Let r be (-11 - -1)*(-32)/20. What is the greatest common factor of r and 32?
16
Let b be 130/12 - (-1)/6. Let m = b - 4. What is the highest common factor of m and 35?
7
Suppose 3*s - 63 = -3*y, -y - 2*s = -2*y + 6. Let v = 3 - 4. Let m = v - -3. Calculate the greatest common divisor of m and y.
2
Let a(v) = v**3 + v**2. Let d be a(1). Suppose 0 = 3*p - 8 + d. Suppose -138 = -p*m + 2. What is the highest common divisor of m and 14?
14
Suppose 3*l = q - 1, 4*l - 4*q + 2 = -2*q. Let b = l + 5. What is the highest common divisor of b and 45?
5
Let r(n) be the second derivative of n**3/2 + n**2/2 + 4*n. Let t = 6 + -3. Let k be r(t). Calculate the greatest common divisor of k and 40.
10
Let s be 1*(11 + (-4 - -1)). What is the highest common factor of s and 24?
8
Suppose -d - 3*m = -73 - 11, 3*d + 4*m = 277. Let k(l) = -8 - 3*l**2 + 6*l**2 - 5*l + 4 + l**3. Let h be k(-3). What is the greatest common divisor of d and h?
11
Let x be -2 - (-7)/(14/12). Suppose k - 13 = -2*z + x*z, 4*k - z = 59. What is the highest common divisor of k and 135?
15
Let y be -3 + 12/(-8)*-32. Let p(d) = d**2 + 3*d - 5. Let r be p(-5). Calculate the highest common divisor of r and y.
5
Let x(p) be the third derivative of -p**4/12 + 2*p**3/3 + 6*p**2. Let k be x(-10). What is the greatest common factor of k and 96?
24
Suppose -92 = -d - 0*c - 3*c, 2*d + c - 164 = 0. Calculate the highest common divisor of 10 and d.
10
Suppose -6 = -4*l + 10. Suppose l*k - 235 = 297. What is the highest common divisor of 19 and k?
19
Suppose -3*z = -z - 70. Calculate the highest common divisor of 385 and z.
35
Let y(h) = -h**2 - 10*h - 7. Let l be y(-9). Suppose -d + 89 = 3*z, 5*z - z - 118 = -l*d. What is the greatest common divisor of z and 10?
10
Suppose 5*y = -p - 8 - 1, 0 = 5*p - 5*y - 15. Calculate the highest common divisor of 1 and p.
1
Suppose -2*z + 4*d + 86 = 0, -2*z + 77 = -3*d + 8*d. Let g = -23 + z. Suppose 2*i = g + 2. What is the greatest common factor of i and 10?
10
Suppose 0 = 4*i - 51 - 157. Let x(d) = -12*d**3 + 2*d**2 - 1. Let h be x(-1). Let r be (-1*h)/(-5 - -4). What is the greatest common divisor of r and i?
13
Let x be 1/(1/(-3)) - -23. What is the highest common divisor of x and 220?
20
Let s(c) = c**2 - 3*c - 7. Let f be s(8). What is the highest common divisor of 99 and f?
33
Let j(y) = -19*y**3. Let p be j(-1). Suppose l = 3*l + 3*w, 3*l = 5*w - p. Let r be (l - -4)/((-2)/(-26)). What is the highest common factor of r and 143?
13
Suppose 3*k + k - 4*j = 0, 4*j - 32 = -4*k. What is the highest common factor of k and 20?
4
Let p(v) = -v**3 + 7*v**2 - 7*v + 2. Let t be p(5). What is the highest common factor of 51 and t?
17
Let m(r) = 4*r - 9. Let y be m(12). What is the greatest common factor of y and 13?
13
Let w(o) = o**2 + 10*o + 11. Suppose 2 = -g - 2*j - 7, 3*g - 3*j = -27. Let z be w(g). Let t = z + 18. Calculate the highest common factor of t and 80.
20
Let g be (-76)/(-3) + 6/9. Let y be -2 + (-16 + 2 - 3). Let a = 32 + y. What is the greatest common factor of g and a?
13
Let l = -5 - -8. Suppose 3*p + 2*q = 29, -l*p - 6*q = -2*q - 19. What is 